{"id":4025,"date":"2025-04-14T09:58:48","date_gmt":"2025-04-14T05:58:48","guid":{"rendered":"https:\/\/vivrelislam.fr\/?page_id=4025"},"modified":"2025-08-20T21:11:07","modified_gmt":"2025-08-20T17:11:07","slug":"articles","status":"publish","type":"page","link":"https:\/\/vivrelislam.fr\/index.php\/articles\/","title":{"rendered":"Articles"},"content":{"rendered":"\t\t<div data-elementor-type=\"wp-page\" data-elementor-id=\"4025\" class=\"elementor elementor-4025\">\n\t\t\t\t\t\t<section class=\"elementor-section elementor-top-section elementor-element elementor-element-d8b0987 elementor-section-boxed elementor-section-height-default elementor-section-height-default wpr-particle-no wpr-jarallax-no wpr-parallax-no wpr-sticky-section-no\" data-id=\"d8b0987\" data-element_type=\"section\" data-e-type=\"section\">\n\t\t\t\t\t\t<div class=\"elementor-container elementor-column-gap-default\">\n\t\t\t\t\t<div class=\"elementor-column elementor-col-100 elementor-top-column elementor-element elementor-element-ab6e23e\" data-id=\"ab6e23e\" data-element_type=\"column\" data-e-type=\"column\">\n\t\t\t<div class=\"elementor-widget-wrap elementor-element-populated\">\n\t\t\t\t\t\t<div class=\"elementor-element elementor-element-0255ca5 elementor-widget elementor-widget-sectiontitle\" data-id=\"0255ca5\" data-element_type=\"widget\" data-e-type=\"widget\" data-widget_type=\"sectiontitle.default\">\n\t\t\t\t<div class=\"elementor-widget-container\">\n\t\t\t\t\t\r\n\t\t\t\t<div class=\"\">\r\n\r\n\t\t\t<div class=\"section-title t_center\">\r\n                 \r\n                        <h5>Articles<\/h5>\r\n                \t\t\t\t\r\n\t\t\t\t  \r\n                       <h3>Articles dans la cat\u00e9gorie<\/h3>\r\n                \t\t\t\t\r\n\t\t\t\t                 \t\t\t\t\r\n\r\n\t\t\t\t\r\n\t\t\t<\/div>\t\r\n\r\n\t\t<\/div>\r\n\r\n\r\n\t\t\r\n\t\t\t\t\t\t<\/div>\n\t\t\t\t<\/div>\n\t\t\t\t<div class=\"elementor-element elementor-element-8d5254e wpr-grid-columns-1 wpr-item-styles-wrapper wpr-grid-columns--tablet2 wpr-grid-columns--mobile1 elementor-widget elementor-widget-wpr-grid\" data-id=\"8d5254e\" data-element_type=\"widget\" data-e-type=\"widget\" data-widget_type=\"wpr-grid.default\">\n\t\t\t\t<div class=\"elementor-widget-container\">\n\t\t\t\t\t<ul class=\"wpr-grid-filters elementor-clearfix wpr-grid-filters-sep-right\"><li class=\" wpr-pointer-none wpr-pointer-line-fx wpr-pointer-fx-none\"><span  data-filter=\"*\" class=\"wpr-grid-filters-item wpr-active-filter \">All Posts<\/span><em class=\"wpr-grid-filters-sep\"><\/em><\/li><li class=\" wpr-pointer-none wpr-pointer-line-fx wpr-pointer-fx-none\"><span   data-ajax-filter=[\"category\",\"articles\"]  data-filter=\".category-articles\">Articles<\/span><em class=\"wpr-grid-filters-sep\"><\/em><\/li><\/ul><section class=\"wpr-grid elementor-clearfix\" data-settings=\"{&quot;layout&quot;:&quot;list&quot;,&quot;stick_last_element_to_bottom&quot;:&quot;no&quot;,&quot;columns_desktop&quot;:&quot;1&quot;,&quot;gutter_hr&quot;:15,&quot;gutter_hr_mobile&quot;:15,&quot;gutter_hr_mobile_extra&quot;:15,&quot;gutter_hr_tablet&quot;:15,&quot;gutter_hr_tablet_extra&quot;:15,&quot;gutter_hr_laptop&quot;:15,&quot;gutter_hr_widescreen&quot;:15,&quot;gutter_vr&quot;:23,&quot;gutter_vr_mobile&quot;:23,&quot;gutter_vr_mobile_extra&quot;:23,&quot;gutter_vr_tablet&quot;:23,&quot;gutter_vr_tablet_extra&quot;:23,&quot;gutter_vr_laptop&quot;:23,&quot;gutter_vr_widescreen&quot;:23,&quot;animation&quot;:&quot;zoom&quot;,&quot;animation_duration&quot;:0.3,&quot;animation_delay&quot;:0.1,&quot;deeplinking&quot;:&quot;&quot;,&quot;filters_linkable&quot;:&quot;no&quot;,&quot;filters_default_filter&quot;:&quot;&quot;,&quot;filters_count&quot;:&quot;&quot;,&quot;filters_hide_empty&quot;:&quot;no&quot;,&quot;filters_animation&quot;:&quot;default&quot;,&quot;filters_animation_duration&quot;:0.3,&quot;filters_animation_delay&quot;:0.1,&quot;pagination_type&quot;:&quot;load-more&quot;,&quot;pagination_max_pages&quot;:1,&quot;media_align&quot;:&quot;left&quot;,&quot;media_width&quot;:20,&quot;media_distance&quot;:15,&quot;lightbox&quot;:{&quot;selector&quot;:&quot;.wpr-grid-image-wrap&quot;,&quot;iframeMaxWidth&quot;:&quot;60%&quot;,&quot;hash&quot;:false,&quot;autoplay&quot;:&quot;true&quot;,&quot;pause&quot;:5000,&quot;progressBar&quot;:&quot;true&quot;,&quot;counter&quot;:&quot;true&quot;,&quot;controls&quot;:&quot;true&quot;,&quot;getCaptionFromTitleOrAlt&quot;:&quot;true&quot;,&quot;thumbnail&quot;:&quot;&quot;,&quot;showThumbByDefault&quot;:&quot;&quot;,&quot;share&quot;:&quot;&quot;,&quot;zoom&quot;:&quot;true&quot;,&quot;fullScreen&quot;:&quot;true&quot;,&quot;download&quot;:&quot;true&quot;}}\"><article class=\"wpr-grid-item elementor-clearfix post-4132 post type-post status-publish format-standard has-post-thumbnail hentry category-articles pmpro-has-access\"><div class=\"wpr-grid-item-inner\"><div class=\"wpr-grid-media-wrap wpr-effect-size-medium \" data-overlay-link=\"yes\"><div class=\"wpr-grid-image-wrap\" data-src=\"https:\/\/vivrelislam.fr\/wp-content\/uploads\/2025\/04\/2025-04-17-12_04_01-Articles-Google-Drive-150x150.png\" data-img-on-hover=\"\"  data-src-secondary=\"\"><img decoding=\"async\" data-no-lazy=\"1\" src=\"https:\/\/vivrelislam.fr\/wp-content\/uploads\/2025\/04\/2025-04-17-12_04_01-Articles-Google-Drive-150x150.png\" alt=\"LES 10 PREMIERS JOURS DU MOIS DE ZIL-HIDJAH\" class=\"wpr-anim-timing-ease-default\"><\/div><div class=\"wpr-grid-media-hover wpr-animation-wrap\"><div class=\"wpr-grid-media-hover-bg  wpr-overlay-fade-in wpr-anim-size-large wpr-anim-timing-ease-default wpr-anim-transparency\" data-url=\"https:\/\/vivrelislam.fr\/index.php\/2025\/04\/17\/les-10-premiers-jours-du-mois-de-zil-hidjah-2\/\"><\/div><\/div><\/div><div class=\"wpr-grid-item-below-content elementor-clearfix\"><h2 class=\"wpr-grid-item-title elementor-repeater-item-1f83597 wpr-grid-item-display-block wpr-grid-item-align-left wpr-pointer-none wpr-pointer-line-fx wpr-pointer-fx-fade\"><div class=\"inner-block\"><a target=\"_self\"  href=\"https:\/\/vivrelislam.fr\/index.php\/2025\/04\/17\/les-10-premiers-jours-du-mois-de-zil-hidjah-2\/\">LES 10 PREMIERS JOURS DU MOIS DE ZIL-HIDJAH<\/a><\/div><\/h2><div class=\"wpr-grid-item-excerpt elementor-repeater-item-d37040f wpr-grid-item-display-block wpr-grid-item-align-left\"><div class=\"inner-block\"><p>Allah nous a honor\u00e9s en nous donnant la vie pour b\u00e9n\u00e9ficier de ces jours b\u00e9nis de Zil-Hidjah. Nous donnons \u00e0 juste titre beaucoup d&#039;importance au mois de Ramadh\u00e2n mais malheureusement, nous oublions cette premi\u00e8re d\u00e9cade de Zil-Hidjah qui constitue les meilleurs jours de l&#039;ann\u00e9e.<\/p><\/div><\/div><div class=\"wpr-grid-item-read-more elementor-repeater-item-41d0644 wpr-grid-item-display-block wpr-grid-item-align-left\"><div class=\"inner-block\"><a target=\"_self\" href=\"https:\/\/vivrelislam.fr\/index.php\/2025\/04\/17\/les-10-premiers-jours-du-mois-de-zil-hidjah-2\/\" class=\"wpr-button-effect wpr-button-none\"><span>Lire la suite<\/span><span class=\"wpr-grid-extra-icon-right\"><\/span><\/a><\/div><\/div><\/div><\/div><\/article><article class=\"wpr-grid-item elementor-clearfix post-4143 post type-post status-publish format-standard has-post-thumbnail hentry category-articles pmpro-has-access\"><div class=\"wpr-grid-item-inner\"><div class=\"wpr-grid-media-wrap wpr-effect-size-medium \" data-overlay-link=\"yes\"><div class=\"wpr-grid-image-wrap\" data-src=\"https:\/\/vivrelislam.fr\/wp-content\/uploads\/2025\/04\/2025-04-17-12_03_12-Articles-Google-Drive-150x150.png\" data-img-on-hover=\"\"  data-src-secondary=\"\"><img decoding=\"async\" data-no-lazy=\"1\" src=\"https:\/\/vivrelislam.fr\/wp-content\/uploads\/2025\/04\/2025-04-17-12_03_12-Articles-Google-Drive-150x150.png\" alt=\"Le Qour&#8217;ane, un oc\u00e9an de merveilles cach\u00e9es\" class=\"wpr-anim-timing-ease-default\"><\/div><div class=\"wpr-grid-media-hover wpr-animation-wrap\"><div class=\"wpr-grid-media-hover-bg  wpr-overlay-fade-in wpr-anim-size-large wpr-anim-timing-ease-default wpr-anim-transparency\" data-url=\"https:\/\/vivrelislam.fr\/index.php\/2025\/04\/17\/le-qourane-un-ocean-de-merveilles-cachees\/\"><\/div><\/div><\/div><div class=\"wpr-grid-item-below-content elementor-clearfix\"><h2 class=\"wpr-grid-item-title elementor-repeater-item-1f83597 wpr-grid-item-display-block wpr-grid-item-align-left wpr-pointer-none wpr-pointer-line-fx wpr-pointer-fx-fade\"><div class=\"inner-block\"><a target=\"_self\"  href=\"https:\/\/vivrelislam.fr\/index.php\/2025\/04\/17\/le-qourane-un-ocean-de-merveilles-cachees\/\">Le Qour&#8217;ane, un oc\u00e9an de merveilles cach\u00e9es<\/a><\/div><\/h2><div class=\"wpr-grid-item-excerpt elementor-repeater-item-d37040f wpr-grid-item-display-block wpr-grid-item-align-left\"><div class=\"inner-block\"><p>Quelles lumi\u00e8res apparentes et cach\u00e9es sont dans le Qour&#039;\u00e2ne, Le livre d&#039;Allah, les paroles d&#039;Allah ?<\/p><\/div><\/div><div class=\"wpr-grid-item-read-more elementor-repeater-item-41d0644 wpr-grid-item-display-block wpr-grid-item-align-left\"><div class=\"inner-block\"><a target=\"_self\" href=\"https:\/\/vivrelislam.fr\/index.php\/2025\/04\/17\/le-qourane-un-ocean-de-merveilles-cachees\/\" class=\"wpr-button-effect wpr-button-none\"><span>Lire la suite<\/span><span class=\"wpr-grid-extra-icon-right\"><\/span><\/a><\/div><\/div><\/div><\/div><\/article><article class=\"wpr-grid-item elementor-clearfix post-4111 post type-post status-publish format-standard has-post-thumbnail hentry category-articles pmpro-has-access\"><div class=\"wpr-grid-item-inner\"><div class=\"wpr-grid-media-wrap wpr-effect-size-medium \" data-overlay-link=\"yes\"><div class=\"wpr-grid-image-wrap\" data-src=\"https:\/\/vivrelislam.fr\/wp-content\/uploads\/2025\/04\/2025-04-17-12_05_49-Articles-Google-Drive-150x150.png\" data-img-on-hover=\"\"  data-src-secondary=\"\"><img decoding=\"async\" data-no-lazy=\"1\" src=\"https:\/\/vivrelislam.fr\/wp-content\/uploads\/2025\/04\/2025-04-17-12_05_49-Articles-Google-Drive-150x150.png\" alt=\"Le mois  de Cha\u2019b\u00e2ne\" class=\"wpr-anim-timing-ease-default\"><\/div><div class=\"wpr-grid-media-hover wpr-animation-wrap\"><div class=\"wpr-grid-media-hover-bg  wpr-overlay-fade-in wpr-anim-size-large wpr-anim-timing-ease-default wpr-anim-transparency\" data-url=\"https:\/\/vivrelislam.fr\/index.php\/2025\/04\/17\/les-10-premiers-jours-du-mois-de-zil-hidjah\/\"><\/div><\/div><\/div><div class=\"wpr-grid-item-below-content elementor-clearfix\"><h2 class=\"wpr-grid-item-title elementor-repeater-item-1f83597 wpr-grid-item-display-block wpr-grid-item-align-left wpr-pointer-none wpr-pointer-line-fx wpr-pointer-fx-fade\"><div class=\"inner-block\"><a target=\"_self\"  href=\"https:\/\/vivrelislam.fr\/index.php\/2025\/04\/17\/les-10-premiers-jours-du-mois-de-zil-hidjah\/\">Le mois de Cha\u2019b\u00e2ne<\/a><\/div><\/h2><div class=\"wpr-grid-item-excerpt elementor-repeater-item-d37040f wpr-grid-item-display-block wpr-grid-item-align-left\"><div class=\"inner-block\"><p>Cheikh &#039;Outheym\u00eene \uf056 a dit en ce sens : \u00ab Les gens de science ont dit que le je\u00fbne du mois de Cha&#039;b\u00e2ne est comme les pri\u00e8res sur\u00e9rogatoires qu&#039;il est recommand\u00e9 de faire avant et apr\u00e8s les pri\u00e8res obligatoires. Ainsi il est recommand\u00e9 de je\u00fbner durant le mois de Cha&#039;ban...<\/p><\/div><\/div><div class=\"wpr-grid-item-read-more elementor-repeater-item-41d0644 wpr-grid-item-display-block wpr-grid-item-align-left\"><div class=\"inner-block\"><a target=\"_self\" href=\"https:\/\/vivrelislam.fr\/index.php\/2025\/04\/17\/les-10-premiers-jours-du-mois-de-zil-hidjah\/\" class=\"wpr-button-effect wpr-button-none\"><span>Lire la suite<\/span><span class=\"wpr-grid-extra-icon-right\"><\/span><\/a><\/div><\/div><\/div><\/div><\/article><\/section>\t\t\t\t<\/div>\n\t\t\t\t<\/div>\n\t\t\t\t\t<\/div>\n\t\t<\/div>\n\t\t\t\t\t<\/div>\n\t\t<\/section>\n\t\t\t\t<section class=\"elementor-section elementor-top-section elementor-element elementor-element-23dfa7790 elementor-section-boxed elementor-section-height-default elementor-section-height-default wpr-particle-no wpr-jarallax-no wpr-parallax-no wpr-sticky-section-no\" data-id=\"23dfa7790\" data-element_type=\"section\" data-e-type=\"section\">\n\t\t\t\t\t\t<div class=\"elementor-container elementor-column-gap-default\">\n\t\t\t\t\t<div class=\"elementor-column elementor-col-100 elementor-top-column elementor-element elementor-element-4fa3c8bf\" data-id=\"4fa3c8bf\" data-element_type=\"column\" data-e-type=\"column\">\n\t\t\t<div class=\"elementor-widget-wrap\">\n\t\t\t\t\t\t\t<\/div>\n\t\t<\/div>\n\t\t\t\t\t<\/div>\n\t\t<\/section>\n\t\t\t\t<\/div>\n\t\t","protected":false},"excerpt":{"rendered":"<p>Articles Articles dans la cat\u00e9gorie All Posts Articles LES 10 PREMIERS JOURS DU MOIS DE ZIL-HIDJAH Allah nous a honor\u00e9s<\/p>\n","protected":false},"author":1,"featured_media":0,"parent":0,"menu_order":0,"comment_status":"closed","ping_status":"closed","template":"elementor_header_footer","meta":{"pmpro_default_level":"","_themeisle_gutenberg_block_has_review":false,"footnotes":""},"class_list":["post-4025","page","type-page","status-publish","hentry","pmpro-has-access"],"_links":{"self":[{"href":"https:\/\/vivrelislam.fr\/index.php\/wp-json\/wp\/v2\/pages\/4025","targetHints":{"allow":["GET"]}}],"collection":[{"href":"https:\/\/vivrelislam.fr\/index.php\/wp-json\/wp\/v2\/pages"}],"about":[{"href":"https:\/\/vivrelislam.fr\/index.php\/wp-json\/wp\/v2\/types\/page"}],"author":[{"embeddable":true,"href":"https:\/\/vivrelislam.fr\/index.php\/wp-json\/wp\/v2\/users\/1"}],"replies":[{"embeddable":true,"href":"https:\/\/vivrelislam.fr\/index.php\/wp-json\/wp\/v2\/comments?post=4025"}],"version-history":[{"count":28,"href":"https:\/\/vivrelislam.fr\/index.php\/wp-json\/wp\/v2\/pages\/4025\/revisions"}],"predecessor-version":[{"id":4684,"href":"https:\/\/vivrelislam.fr\/index.php\/wp-json\/wp\/v2\/pages\/4025\/revisions\/4684"}],"wp:attachment":[{"href":"https:\/\/vivrelislam.fr\/index.php\/wp-json\/wp\/v2\/media?parent=4025"}],"curies":[{"name":"wp","href":"https:\/\/api.w.org\/{rel}","templated":true}]}}