{"id":3982,"date":"2025-04-13T18:57:28","date_gmt":"2025-04-13T14:57:28","guid":{"rendered":"https:\/\/vivrelislam.fr\/?post_type=product&#038;p=3982"},"modified":"2026-03-02T12:42:23","modified_gmt":"2026-03-02T08:42:23","slug":"le-guide-du-tadjwid-copie","status":"publish","type":"product","link":"https:\/\/vivrelislam.fr\/index.php\/produit\/le-guide-du-tadjwid-copie\/","title":{"rendered":"Les r\u00e8gles distingu\u00e9es de la lecture du Qour&#8217;\u00e2ne"},"content":{"rendered":"<p>Ce livret n\u2019est qu\u2019une adaptation d\u2019un manuel d\u2019apprentissage de la lecture du Saint-Qour\u2019\u00e2ne, adapt\u00e9 aux non-initi\u00e9s, \u00e9crit par Mawl\u00e2na Mouhammad Ya\u2019coub Ch\u00e2h-Djah\u00e2n-Po\u00fbr\u00ee (\u0639\u0644\u064a\u0647 \u0627\u0644\u0631\u062d\u0645\u0629).<br \/>\nCe manuel a permis \u00e0 plusieurs g\u00e9n\u00e9rations l\u2019initiation vers la r\u00e9citation du Saint-Qour\u2019\u00e2ne avec succ\u00e8s et rapidit\u00e9. Son efficacit\u00e9 ind\u00e9niable est une preuve de son acceptation aupr\u00e8s du Tout-Puissant. Dans son livret, l\u2019auteur aborde les bases fondamentales pour une lecture correcte du Saint-Qour\u2019\u00e2ne.<\/p>\n","protected":false},"excerpt":{"rendered":"<p>Ce livret n\u2019est qu\u2019une adaptation d\u2019un manuel d\u2019apprentissage de la lecture du Saint-Qour\u2019\u00e2ne, adapt\u00e9 aux non-initi\u00e9s, \u00e9crit par Mawl\u00e2na Mouhammad<\/p>\n","protected":false},"featured_media":3981,"template":"","meta":{"pmpro_default_level":"","_themeisle_gutenberg_block_has_review":false},"product_brand":[],"product_cat":[29],"product_tag":[],"class_list":{"0":"post-3982","1":"product","2":"type-product","3":"status-publish","4":"has-post-thumbnail","6":"product_cat-livres","7":"pmpro-has-access","9":"first","10":"instock","11":"taxable","12":"shipping-taxable","13":"purchasable","14":"product-type-simple"},"_links":{"self":[{"href":"https:\/\/vivrelislam.fr\/index.php\/wp-json\/wp\/v2\/product\/3982","targetHints":{"allow":["GET"]}}],"collection":[{"href":"https:\/\/vivrelislam.fr\/index.php\/wp-json\/wp\/v2\/product"}],"about":[{"href":"https:\/\/vivrelislam.fr\/index.php\/wp-json\/wp\/v2\/types\/product"}],"wp:featuredmedia":[{"embeddable":true,"href":"https:\/\/vivrelislam.fr\/index.php\/wp-json\/wp\/v2\/media\/3981"}],"wp:attachment":[{"href":"https:\/\/vivrelislam.fr\/index.php\/wp-json\/wp\/v2\/media?parent=3982"}],"wp:term":[{"taxonomy":"product_brand","embeddable":true,"href":"https:\/\/vivrelislam.fr\/index.php\/wp-json\/wp\/v2\/product_brand?post=3982"},{"taxonomy":"product_cat","embeddable":true,"href":"https:\/\/vivrelislam.fr\/index.php\/wp-json\/wp\/v2\/product_cat?post=3982"},{"taxonomy":"product_tag","embeddable":true,"href":"https:\/\/vivrelislam.fr\/index.php\/wp-json\/wp\/v2\/product_tag?post=3982"}],"curies":[{"name":"wp","href":"https:\/\/api.w.org\/{rel}","templated":true}]}}